z?
3, 5
Let j = 16 + -15. Let g(x) = -x**3 - 5*x**2 - 3*x + 3. Let f be g(-4). What are the prime factors of (-6)/(j/(-1)) - f?
7
Let y be 1/4 + (-105)/(-12). What are the prime factors of (-71)/(-4) + y/(-12)?
17
Let b be 2/6 - 1/3. Suppose -p - 6 = -4*p. Suppose p*s - 14 - 10 = b. List the prime factors of s.
2, 3
Let y = 70 + -24. Suppose -2*a + y = 2*n, -n + a + 13 = -3*a. List the prime factors of n.
3, 7
Let o(s) = 3*s + 20. List the prime factors of o(9).
47
Suppose -5*l + 16 = -14. Suppose -12 = 2*s - 4. List the prime factors of (-66)/s - 3/l.
2
Let j be 25 - (-2 - (-2 - 1)). Suppose 5*i + s - 46 = 0, 5*i - 25 - j = -4*s. List the prime factors of i.
3
Let t be 1/(-3) + (-200)/30. Let r(c) = 2*c**2 + 8*c - 3. List the prime factors of r(t).
3, 13
Let f = -58 + 61. What are the prime factors of f?
3
Suppose -37*o + 32*o = -175. List the prime factors of o.
5, 7
Let y(z) = 4*z**2 + 3*z - 1. List the prime factors of y(-6).
5
Let m(w) = -w - 4. Let q be m(-3). Let g be -3 + 2 + (q - -6). What are the prime factors of (-1)/(-1) + (g - -4)?
3
Let a(q) = -q**3 + 9*q**2 + 5. Suppose -10 = 3*i - 37. Let l be a(i). Let v = l - -6. What are the prime factors of v?
11
Let j(k) = k**3 - 13*k**2 - 12*k + 5. What are the prime factors of j(14)?
3, 11
Let j(w) = w**3 - w**2 + 2*w - 3. Let r be j(3). Let h(q) = q**3 + 8*q**2 - 7*q + 7. Let u be h(-9). Let o = u + r. What are the prime factors of o?
2, 5
Suppose -5*d + 173 = -6*n + 3*n, -3*n = d - 31. What are the prime factors of d?
2, 17
Let c = -118 + 277. What are the prime factors of c?
3, 53
Let o = -12 + 6. Let h = -1 - o. Suppose 3*c = h*c - 12. List the prime factors of c.
2, 3
Let l(x) = -6*x + 6. Let n(g) = -1. Let f(y) = l(y) + 6*n(y). Let k be f(-1). Suppose 0 = 2*q - 3*q + k. List the prime factors of q.
2, 3
Let p(r) = -105*r - 91. Let g(j) = -7*j - 6. Let v(i) = 91*g(i) - 6*p(i). Let c be v(-2). List the prime factors of (c/(-6))/(5/(-15)).
7
Let y(w) = -w**2 - 19*w + 5. What are the prime factors of y(-15)?
5, 13
Suppose -2*t = -5*q + t + 70, t = 0. What are the prime factors of q?
2, 7
List the prime factors of (0 - -1)*429/11.
3, 13
Suppose 2*f - 6*f + 352 = 0. List the prime factors of f.
2, 11
Let m be -3 - -3 - -1*1. Let b = 2 + -1. Let y = b + m. What are the prime factors of y?
2
Let o(k) = -k**3 - 4*k**2 - 5*k - 4. What are the prime factors of o(-3)?
2
Let b = -3 - -5. Suppose -b*x - 3*y = -y - 4, 15 = -3*y. What are the prime factors of x?
7
Let l be (1/(-3))/(6/(-36)). Suppose -5*y = -5*h + 45, 5*h - 22 = -l*y + 9. List the prime factors of h.
7
Let m = -26 + 126. List the prime factors of m.
2, 5
Let i = 6 + 1. Suppose -t + 12 = -i. What are the prime factors of t?
19
Let q be (1/(-3))/((-4)/24). Suppose -12 + 32 = q*s + 2*j, -s - 4*j + 16 = 0. What are the prime factors of s?
2
Suppose 3*d + 5*o = 106, -3*d + 100 = 7*o - 5*o. Suppose -4*s - 2*g = 2*g - d, -g + 14 = 2*s. List the prime factors of s.
2, 3
Let y(m) = m**3 - 7*m**2 + m - 2. Let w be y(7). Suppose 5*c + w*g = g + 90, -4*c + 2*g = -72. Let p = c + -12. What are the prime factors of p?
2, 3
Let j = 1 + 16. Suppose 0 = -h - 4*d + j, 3*h - h - d = -2. What are the prime factors of h - (-7)/(7/6)?
7
Suppose 406 = 4*h + 2*c, 67 = h + 2*c - 42. List the prime factors of h.
3, 11
Suppose 5*i - 27 = 2*i. Let o = 34 - 31. Let h = o + i. List the prime factors of h.
2, 3
Suppose l = -4*t - 6, 9 = 3*l + 5*t + 20. Let y be (-33)/(-9) - l/6. Suppose y*u = -14 + 62. What are the prime factors of u?
2, 3
Let o be 6*(3 + (-16)/6). List the prime factors of ((-53)/o)/((-19)/38).
53
Suppose -46*h + 588 = -39*h. What are the prime factors of h?
2, 3, 7
Let q(h) = h**3 + 5*h**2 - 9*h + 12. What are the prime factors of q(-5)?
3, 19
Suppose 4*g + 4 = 5*g. Let d(c) = -6*c - 11. Let a be d(-8). Suppose -2*b + g*w + 8 = 0, -3*b + a = -0*b - w. What are the prime factors of b?
2, 7
Let t(o) = 3*o**2 + 10*o - 22. What are the prime factors of t(-8)?
2, 3, 5
Let k be (0 + 38)*2/(-4). Let a = 35 + k. What are the prime factors of a?
2
Let s = 10 + -8. What are the prime factors of ((-4)/12)/(s/(-18))?
3
Suppose 0 = 6*q + 2*q - 1376. List the prime factors of q.
2, 43
Let w = 3 + -4. Let j = -26 + 39. Let c = w + j. List the prime factors of c.
2, 3
Let d(k) = k**2 - 9*k - 12. Let w be 10 - 0/((-4)/2). Let i be d(w). List the prime factors of (4 - 1) + i + 1.
2
Let p(b) = -b**3 + 9*b**2 - 5*b - 10. What are the prime factors of p(7)?
53
Let a = 85 + -42. List the prime factors of a.
43
Suppose -5*s + 5*g = -20, -s - 4*g + 1 + 3 = 0. Suppose 0 = -2*q - s, 2*x - 42 = 4*x - 4*q. Let o = x + 46. What are the prime factors of o?
3, 7
Let i(a) = 33*a + 2. What are the prime factors of i(1)?
5, 7
Let m(i) = 12*i + 29. What are the prime factors of m(7)?
113
List the prime factors of (9/3)/(-3) - -24.
23
Let a(k) = -3*k**3 + 10*k**2 + 3*k - 2*k**2 + 4*k**3 - 3. Let n be a(-3). Let m = n - 23. What are the prime factors of m?
2, 5
Let h(b) = b**2 + b. Let z be h(-1). Suppose c - 2 = -z*c. Suppose -c*s + 15 = s. What are the prime factors of s?
5
Let d be 10/4*(-76)/(-10). Let z = d + -13. List the prime factors of z.
2, 3
Let j(g) = -2*g + 5. Let s(b) = -b**2 - 5*b - 4. Let p be s(-3). Suppose p*a + 2 = -8. What are the prime factors of j(a)?
3, 5
Let p = 0 - -3. Suppose 0 = 2*t + f - 7, 0*t - p*f - 21 = -t. Let d = 16 - t. What are the prime factors of d?
2, 5
Let a be (-20)/3*(-3)/2. Suppose 3*h + a = 8*h. Suppose h*l = -0*l + 22. What are the prime factors of l?
11
Let a(f) = -f**3 - f + 18. Let k be a(0). Let z = k - -15. What are the prime factors of z?
3, 11
Suppose 217 = 5*t - 3*o, 3*t - 5*t = o - 78. What are the prime factors of t?
41
Suppose -116 = -5*z + 144. Suppose 0 = 2*g - c - z, 3*g - c - 77 = c. What are the prime factors of g?
3
Let d = 13 - -24. What are the prime factors of d?
37
Suppose 4*w = 3*w - g + 5, 13 = -w + 5*g. Suppose 5*a = w*a + 12. List the prime factors of a.
2
Let t be (-2 + 2)*(-2)/(-4). Let w(l) be the first derivative of -l**2/2 + 5*l - 4. List the prime factors of w(t).
5
Let u(g) = g**2 - 4*g. Let n be u(-6). Suppose n = -0*y + 5*y. What are the prime factors of y?
2, 3
Suppose 0 = 4*a + 3*z + 18 + 7, -3*a = 5*z + 16. Let p(k) = -7*k**2 + 4 - 2 - 3*k + 2*k - k**3. What are the prime factors of p(a)?
3
Suppose -1357 = -8*p + 283. What are the prime factors of p?
5, 41
Suppose -2*n - 27 = n. Let d(q) = q**3 - 9*q + 8*q**2 + 5 + 4*q**2 - 4*q**2. What are the prime factors of d(n)?
5
Let m(h) = 2 + 0 + 6 + h - 3. What are the prime factors of m(12)?
17
Let c = 19 - 22. List the prime factors of (-1*4 + c)*-1.
7
Suppose 12 = -k - 3*k. Let l = k + 7. What are the prime factors of l?
2
Suppose -4 = 4*t - 4*a, -4*t + 4*a - 2*a + 4 = 0. Suppose -3*i + 48 = n + t*n, -n - 3 = 0. Let c = 29 - i. List the prime factors of c.
3
List the prime factors of ((-17)/(-5) - 10/25) + 52.
5, 11
Let z(p) be the first derivative of -p**2 - 3*p - 2. What are the prime factors of z(-13)?
23
What are the prime factors of (-5)/((-450)/9102) - (-2)/(-15)?
101
Suppose -52 = -4*c - 4*g, -5*g + 25 = c - g. List the prime factors of (-6)/(-4)*48/c.
2
Let b = -10 - -42. Let s = b + -23. List the prime factors of s.
3
Let m(x) = x**3 + 8*x**2 - 3*x - 11. Suppose -4*h - 1 + 5 = c, -3*h = c - 1. What are the prime factors of m(c)?
13
Suppose 2*s + 10 = 4*s. Let b = s - 1. Suppose -i + b*i - 39 = 0. List the prime factors of i.
13
Let p = 6 + -4. Let c be (2 - -24)/p - 1. List the prime factors of 88/c*(-6)/(-4).
11
Suppose -3*w - 2*c = 5, 3*c + 4 = -5*w - 4. Let j = w - 8. Let g = j - -16. What are the prime factors of g?
7
Let u(y) = -7*y + 3. Let s be u(2). Let a = 18 + s. List the prime factors of a.
7
Let v be 80/(-12) + (-4)/(-6). List the prime factors of (-8)/v*30/4.
2, 5
Suppose -2*k = -3*f - 36, -k + 0*k + 18 = 3*f. Suppose -2*q = -4 - k. List the prime factors of q.
11
List the prime factors of (26/(-39))/((-1)/((-75)/(-2))).
5
Let t(u) = -2*u. Let p be t(-1). Suppose 4*a + 5*j - 31 = 0, 2*a - j = -p*a + 13. Suppose a*k - 9 + 1 = 0. List the prime factors of k.
2
Let d(u) = u**2 - 4*u + 8. What are the prime factors of d(4)?
2
Suppose 3*p - 6 - 6 = 0. List the prime factors of p.
2
Let n(q) = -2*q - 2. Let l(d) = d**2 + 4*d - 7. Le